{"id":726,"date":"2022-10-15T11:40:10","date_gmt":"2022-10-15T16:40:10","guid":{"rendered":"https:\/\/diversionesgas.com\/?post_type=product&#038;p=726"},"modified":"2024-03-27T18:50:35","modified_gmt":"2024-03-27T23:50:35","slug":"mega-genesis","status":"publish","type":"product","link":"https:\/\/diversionesgas.com\/index.php\/product\/mega-genesis\/","title":{"rendered":"MEGA GENESIS"},"content":{"rendered":"<p style=\"text-align: center;\"><em><strong>Este es uno de los inflable m\u00e1s grande de la regi\u00f3n con un largo de 32 mts un ancho de 5 mts y altura de 9 mts , con una ca\u00edda libre de 5 mts de altura<\/strong><\/em><\/p>\n","protected":false},"excerpt":{"rendered":"<p>Este es uno de los inflables mas grandes de la regi\u00f3n!<\/p>\n<p>Cuenta con un largo de 32 mts, un ancho de 5 mts y con una ca\u00edda libre de 5 mts de altura<\/p>\n","protected":false},"featured_media":727,"template":"","meta":[],"product_brand":[],"product_cat":[26,24],"product_tag":[],"class_list":{"0":"post-726","1":"product","2":"type-product","3":"status-publish","4":"has-post-thumbnail","6":"product_cat-brincolines","7":"product_cat-juegos-extremos","9":"first","10":"instock","11":"shipping-taxable","12":"purchasable","13":"product-type-simple"},"_links":{"self":[{"href":"https:\/\/diversionesgas.com\/index.php\/wp-json\/wp\/v2\/product\/726","targetHints":{"allow":["GET"]}}],"collection":[{"href":"https:\/\/diversionesgas.com\/index.php\/wp-json\/wp\/v2\/product"}],"about":[{"href":"https:\/\/diversionesgas.com\/index.php\/wp-json\/wp\/v2\/types\/product"}],"version-history":[{"count":4,"href":"https:\/\/diversionesgas.com\/index.php\/wp-json\/wp\/v2\/product\/726\/revisions"}],"predecessor-version":[{"id":16295,"href":"https:\/\/diversionesgas.com\/index.php\/wp-json\/wp\/v2\/product\/726\/revisions\/16295"}],"wp:featuredmedia":[{"embeddable":true,"href":"https:\/\/diversionesgas.com\/index.php\/wp-json\/wp\/v2\/media\/727"}],"wp:attachment":[{"href":"https:\/\/diversionesgas.com\/index.php\/wp-json\/wp\/v2\/media?parent=726"}],"wp:term":[{"taxonomy":"product_brand","embeddable":true,"href":"https:\/\/diversionesgas.com\/index.php\/wp-json\/wp\/v2\/product_brand?post=726"},{"taxonomy":"product_cat","embeddable":true,"href":"https:\/\/diversionesgas.com\/index.php\/wp-json\/wp\/v2\/product_cat?post=726"},{"taxonomy":"product_tag","embeddable":true,"href":"https:\/\/diversionesgas.com\/index.php\/wp-json\/wp\/v2\/product_tag?post=726"}],"curies":[{"name":"wp","href":"https:\/\/api.w.org\/{rel}","templated":true}]}}